{"id":42,"date":"2012-05-30T23:36:13","date_gmt":"2012-05-30T21:36:13","guid":{"rendered":"http:\/\/lurarevyen.no\/wordpress\/?page_id=42"},"modified":"2015-04-16T07:49:41","modified_gmt":"2015-04-16T05:49:41","slug":"1996-2","status":"publish","type":"page","link":"https:\/\/lurarevyen.no\/?page_id=42","title":{"rendered":"1996"},"content":{"rendered":"<table>\n<tbody>\n<tr>\n<td width=\"100%\"><\/td>\n<td align=\"right\" width=\"100%\"><\/td>\n<td align=\"right\" width=\"100%\"><\/td>\n<td align=\"right\" width=\"100%\"><\/td>\n<\/tr>\n<\/tbody>\n<\/table>\n<table>\n<tbody>\n<tr>\n<td colspan=\"2\" valign=\"top\">\n<table width=\"491\" border=\"0\" cellspacing=\"0\" cellpadding=\"0\">\n<tbody>\n<tr>\n<td>\n<div align=\"center\">\n<h2 align=\"left\"><img loading=\"lazy\" decoding=\"async\" title=\"Image\" src=\"http:\/\/lurarevyen.no\/images\/stories\/Historie\/kor_hen.gif\" alt=\"Image\" width=\"127\" height=\"201\" border=\"0\" hspace=\"6\" \/><\/h2>\n<h3 align=\"left\">Kor hen?<\/h3>\n<\/div>\n<\/td>\n<\/tr>\n<tr>\n<td>Hva kommer etter en suksess? Det samme sp\u00f8rsm\u00e5let stilte vi oss etter forrige revy. Vi hev oss p\u00e5 en ny revy, optimister som vi er.Hvor reiser Rogalendingene n\u00e5r de vil shoppe, ha opplevelser og dramatikk? Det er jo tre ting p\u00e5 en gang, og det er jo som kjent ikke mulig&#8230; Joda, de reiser til &#8211; BILKA!<\/p>\n<p>Ny instrukt\u00f8r ble innleid. Hallgeir, nei, nei det var Hallgjerd Byrkjeland. Hun kom som en vestavind over tretoppene. Budsjettet ble nesten sprengt pga anskaffelse av selvlysende scenetape. Men tross alt, sceneskiftene ble en estetisk opplevelse og nytelse.<\/p>\n<p>Billettsalget var bedre planlagt, s\u00e5 telefonen gl\u00f8det ikke fult s\u00e5 mye denne gangen. Publikum svelgde reisesyketabletten og hev seg p\u00e5 reisen &#8211; selv om ingen visste &laquo;kor hen&raquo; det gikk.<\/td>\n<\/tr>\n<tr>\n<td>\n<table width=\"490\" border=\"0\" cellspacing=\"0\" cellpadding=\"0\">\n<tbody>\n<tr>\n<td>REVYNUMMER<\/td>\n<td>ROLLER<\/td>\n<\/tr>\n<tr>\n<td><img loading=\"lazy\" decoding=\"async\" src=\"file:\/\/\/D:\/Mine%20dokumenter\/WEB\/Lura%20revyteater\/historien\/Filer_for_kor_hen\/kile.gif\" alt=\"\" width=\"5\" height=\"10\" border=\"0\" \/><\/td>\n<td><\/td>\n<\/tr>\n<tr>\n<td><strong>\u00c5PNINGSSANG<\/strong><\/td>\n<td><\/td>\n<\/tr>\n<tr>\n<td>Tekst: Peggy<\/td>\n<td>Alle<\/td>\n<\/tr>\n<tr>\n<td><\/td>\n<td><\/td>\n<\/tr>\n<tr>\n<td><strong>VENTER P\u00c5 HAGA&#8217;EN<\/strong><\/td>\n<td><\/td>\n<\/tr>\n<tr>\n<td>Tekst: Odd Magne<\/td>\n<td>Odd Magne<\/td>\n<\/tr>\n<tr>\n<td><\/td>\n<td><\/td>\n<\/tr>\n<tr>\n<td><strong>GLA&#8217;BUSS<\/strong><\/td>\n<td><\/td>\n<\/tr>\n<tr>\n<td>Tekst: Hans Jakob<\/td>\n<td>Hans Jakob<\/td>\n<\/tr>\n<tr>\n<td><\/td>\n<td><\/td>\n<\/tr>\n<tr>\n<td><strong>P\u00c5 CRUICE<\/strong><\/td>\n<td><\/td>\n<\/tr>\n<tr>\n<td>Tekst: Aud<\/td>\n<td>Suzanne og Nina<\/td>\n<\/tr>\n<tr>\n<td><\/td>\n<td><\/td>\n<\/tr>\n<tr>\n<td><strong>OPPTELLING<\/strong><\/td>\n<td><\/td>\n<\/tr>\n<tr>\n<td>Tekst: Peggy<\/td>\n<td>Anita, Martin, Liv Janne, Gerd og Odd<\/td>\n<\/tr>\n<tr>\n<td><\/td>\n<td><\/td>\n<\/tr>\n<tr>\n<td><strong>FESTSANG MED KOMPLIKASJONER<\/strong><\/td>\n<td><\/td>\n<\/tr>\n<tr>\n<td>Tekst: Peggy og Martin<\/td>\n<td>S\u00f8lvi og Martin<\/td>\n<\/tr>\n<tr>\n<td><\/td>\n<td><\/td>\n<\/tr>\n<tr>\n<td><strong>TISSEPAUSE<\/strong><\/td>\n<td><\/td>\n<\/tr>\n<tr>\n<td>Tekst: Peggy<\/td>\n<td>Odd Magne og Suzanne<\/td>\n<\/tr>\n<tr>\n<td><\/td>\n<td><\/td>\n<\/tr>\n<tr>\n<td><strong>BRYLLUPSREISE<\/strong><\/td>\n<td><\/td>\n<\/tr>\n<tr>\n<td>Tekst: Peggy<\/td>\n<td>Odd og Liv Janne<\/td>\n<\/tr>\n<tr>\n<td><\/td>\n<td><\/td>\n<\/tr>\n<tr>\n<td><strong>BLINDPASSASJER<\/strong><\/td>\n<td><\/td>\n<\/tr>\n<tr>\n<td>Tekst: Peggy<\/td>\n<td>Martin, Rita, Siri, Sigrunn, Anne May<\/td>\n<\/tr>\n<tr>\n<td><\/td>\n<td><\/td>\n<\/tr>\n<tr>\n<td><\/td>\n<td><\/td>\n<\/tr>\n<tr>\n<td><strong>TOLLEF I BAREN<\/strong><\/td>\n<td><\/td>\n<\/tr>\n<tr>\n<td>Tekst: \u00d8yvind<\/td>\n<td>Hans Jakob, \u00d8yvind og Gerd<\/td>\n<\/tr>\n<tr>\n<td><\/td>\n<td><\/td>\n<\/tr>\n<tr>\n<td><strong>UNGKARSVISA<\/strong><\/td>\n<td><\/td>\n<\/tr>\n<tr>\n<td>Tenkst: Aud<\/td>\n<td>\u00d8yvind<\/td>\n<\/tr>\n<tr>\n<td><\/td>\n<td><\/td>\n<\/tr>\n<tr>\n<td><strong>MATRO<\/strong><\/td>\n<td><\/td>\n<\/tr>\n<tr>\n<td>Tekst: Peggy<\/td>\n<td>Sigrunn og Anne May<\/td>\n<\/tr>\n<tr>\n<td><\/td>\n<td><\/td>\n<\/tr>\n<tr>\n<td><strong>TOLLEF P\u00c5 DEKK<\/strong><\/td>\n<td><\/td>\n<\/tr>\n<tr>\n<td>Tekst: Peggy<\/td>\n<td>\u00d8yvind og Siri<\/td>\n<\/tr>\n<tr>\n<td><\/td>\n<td><\/td>\n<\/tr>\n<tr>\n<td><strong>VIKAR<\/strong><\/td>\n<td><\/td>\n<\/tr>\n<tr>\n<td>Tekst: Anne Brit<\/td>\n<td>Birte<\/td>\n<\/tr>\n<tr>\n<td><\/td>\n<td><\/td>\n<\/tr>\n<tr>\n<td><strong>BADENYMFER<\/strong><\/td>\n<td><\/td>\n<\/tr>\n<tr>\n<td>Tekst: Peggy<\/td>\n<td>Nina, Rita og Anita<\/td>\n<\/tr>\n<tr>\n<td><\/td>\n<td><\/td>\n<\/tr>\n<tr>\n<td><strong>DAMENES<\/strong><\/td>\n<td><\/td>\n<\/tr>\n<tr>\n<td>Tekst: Peggy<\/td>\n<td>S\u00f8lvi<\/td>\n<\/tr>\n<tr>\n<td><\/td>\n<td><\/td>\n<\/tr>\n<tr>\n<td><strong>UTDRIKKINGSLAG<\/strong><\/td>\n<td><\/td>\n<\/tr>\n<tr>\n<td>Tekst: Anne Brit<\/td>\n<td>Anne Brit<\/td>\n<\/tr>\n<tr>\n<td><\/td>\n<td><\/td>\n<\/tr>\n<tr>\n<td><strong>BRYLLUPSREISE (Forts.)<\/strong><\/td>\n<td><\/td>\n<\/tr>\n<tr>\n<td>Tekst: Peggy<\/td>\n<td>Odd og Liv Janne<\/td>\n<\/tr>\n<tr>\n<td><img loading=\"lazy\" decoding=\"async\" src=\"file:\/\/\/D:\/Mine%20dokumenter\/WEB\/Lura%20revyteater\/historien\/Filer_for_kor_hen\/kile.gif\" alt=\"\" width=\"5\" height=\"10\" border=\"0\" \/><\/td>\n<td><\/td>\n<\/tr>\n<tr>\n<td><strong>R\u00d8YKING FORBUDT<\/strong><\/td>\n<td><\/td>\n<\/tr>\n<tr>\n<td>Tekst: Peggy<\/td>\n<td>Gerd<\/td>\n<\/tr>\n<tr>\n<td><\/td>\n<td><\/td>\n<\/tr>\n<tr>\n<td><strong>HYPOKONDER<\/strong><\/td>\n<td><\/td>\n<\/tr>\n<tr>\n<td>Tekst: Peggy<\/td>\n<td>Nina<\/td>\n<\/tr>\n<tr>\n<td><img loading=\"lazy\" decoding=\"async\" src=\"file:\/\/\/D:\/Mine%20dokumenter\/WEB\/Lura%20revyteater\/historien\/Filer_for_kor_hen\/kile.gif\" alt=\"\" width=\"5\" height=\"10\" border=\"0\" \/><\/td>\n<td><\/td>\n<\/tr>\n<tr>\n<td><strong>VI LISTER OSS S\u00c5 STILT P\u00c5 T\u00c5&#8230;<\/strong><\/td>\n<td><\/td>\n<\/tr>\n<tr>\n<td>Tekst: Peggy<\/td>\n<td>Odd, Martin og Odd Magne<\/td>\n<\/tr>\n<tr>\n<td><\/td>\n<td><\/td>\n<\/tr>\n<tr>\n<td><strong>ENARMET BANDITT<\/strong><\/td>\n<td><\/td>\n<\/tr>\n<tr>\n<td>Tekst: Hans Jakob<\/td>\n<td>Hans Jakob, Anita og Ine<\/td>\n<\/tr>\n<tr>\n<td><\/td>\n<td><\/td>\n<\/tr>\n<tr>\n<td><strong>VIDUNDERBARN<\/strong><\/td>\n<td><\/td>\n<\/tr>\n<tr>\n<td>Tekst: Peggy<\/td>\n<td>Anne May<\/td>\n<\/tr>\n<tr>\n<td><\/td>\n<td><\/td>\n<\/tr>\n<tr>\n<td><strong>BAKRUS<\/strong><\/td>\n<td><\/td>\n<\/tr>\n<tr>\n<td>Tekst: Peggy<\/td>\n<td>Rita<\/td>\n<\/tr>\n<tr>\n<td><\/td>\n<td><\/td>\n<\/tr>\n<tr>\n<td><strong>P\u00c5 BILKA<\/strong><\/td>\n<td><\/td>\n<\/tr>\n<tr>\n<td>Tekst: Hans Jakob<\/td>\n<td>Hans Jakob<\/td>\n<\/tr>\n<tr>\n<td><\/td>\n<td><\/td>\n<\/tr>\n<tr>\n<td><strong>SJ\u00d8SYKE<\/strong><\/td>\n<td><\/td>\n<\/tr>\n<tr>\n<td>Tekst: \u00d8yvind<\/td>\n<td>Martin, Ine og Anita<\/td>\n<\/tr>\n<tr>\n<td><\/td>\n<td><\/td>\n<\/tr>\n<tr>\n<td><strong>BINGO<\/strong><\/td>\n<td><\/td>\n<\/tr>\n<tr>\n<td>Tekst: Peggy<\/td>\n<td>Sigrunn<\/td>\n<\/tr>\n<tr>\n<td><\/td>\n<td><\/td>\n<\/tr>\n<tr>\n<td><strong>I BAGASJEN<\/strong><\/td>\n<td><\/td>\n<\/tr>\n<tr>\n<td>Tekst: Hans Jakob<\/td>\n<td>Hans Jakob og \u00d8yvind<\/td>\n<\/tr>\n<tr>\n<td><\/td>\n<td><\/td>\n<\/tr>\n<tr>\n<td><strong>TOLLVESEN<\/strong><\/td>\n<td><\/td>\n<\/tr>\n<tr>\n<td>Tekst: Peggy<\/td>\n<td>Odd og Birte<\/td>\n<\/tr>\n<tr>\n<td><\/td>\n<td><\/td>\n<\/tr>\n<tr>\n<td><strong>HJERTESUKK<\/strong><\/td>\n<td><\/td>\n<\/tr>\n<tr>\n<td>Tekst: Peggy<\/td>\n<td>S\u00f8lvi<\/td>\n<\/tr>\n<tr>\n<td><\/td>\n<td><\/td>\n<\/tr>\n<tr>\n<td><strong>AVSLUTTNINGSSANG<\/strong><\/td>\n<td><\/td>\n<\/tr>\n<tr>\n<td>Tekst: Peggy<\/td>\n<td>Alle<\/td>\n<\/tr>\n<\/tbody>\n<\/table>\n<\/td>\n<\/tr>\n<\/tbody>\n<\/table>\n<\/td>\n<\/tr>\n<\/tbody>\n<\/table>\n","protected":false},"excerpt":{"rendered":"<p>Kor hen? Hva kommer etter en suksess? Det samme sp\u00f8rsm\u00e5let stilte vi oss etter forrige revy. Vi hev oss p\u00e5 en ny revy, optimister som vi er.Hvor reiser Rogalendingene n\u00e5r de vil shoppe, ha opplevelser og dramatikk? Det er jo tre ting p\u00e5 en gang, og det er jo som kjent ikke mulig&#8230; Joda, de &hellip; <\/p>\n<p class=\"link-more\"><a href=\"https:\/\/lurarevyen.no\/?page_id=42\" class=\"more-link\">Fortsett \u00e5 lese<span class=\"screen-reader-text\"> \u00ab1996\u00bb<\/span><\/a><\/p>\n","protected":false},"author":1,"featured_media":0,"parent":18,"menu_order":2,"comment_status":"closed","ping_status":"open","template":"","meta":{"footnotes":""},"class_list":["post-42","page","type-page","status-publish","hentry"],"_links":{"self":[{"href":"https:\/\/lurarevyen.no\/index.php?rest_route=\/wp\/v2\/pages\/42","targetHints":{"allow":["GET"]}}],"collection":[{"href":"https:\/\/lurarevyen.no\/index.php?rest_route=\/wp\/v2\/pages"}],"about":[{"href":"https:\/\/lurarevyen.no\/index.php?rest_route=\/wp\/v2\/types\/page"}],"author":[{"embeddable":true,"href":"https:\/\/lurarevyen.no\/index.php?rest_route=\/wp\/v2\/users\/1"}],"replies":[{"embeddable":true,"href":"https:\/\/lurarevyen.no\/index.php?rest_route=%2Fwp%2Fv2%2Fcomments&post=42"}],"version-history":[{"count":3,"href":"https:\/\/lurarevyen.no\/index.php?rest_route=\/wp\/v2\/pages\/42\/revisions"}],"predecessor-version":[{"id":650,"href":"https:\/\/lurarevyen.no\/index.php?rest_route=\/wp\/v2\/pages\/42\/revisions\/650"}],"up":[{"embeddable":true,"href":"https:\/\/lurarevyen.no\/index.php?rest_route=\/wp\/v2\/pages\/18"}],"wp:attachment":[{"href":"https:\/\/lurarevyen.no\/index.php?rest_route=%2Fwp%2Fv2%2Fmedia&parent=42"}],"curies":[{"name":"wp","href":"https:\/\/api.w.org\/{rel}","templated":true}]}}