{"id":70,"date":"2012-05-30T23:48:40","date_gmt":"2012-05-30T21:48:40","guid":{"rendered":"http:\/\/lurarevyen.no\/wordpress\/?page_id=70"},"modified":"2016-12-01T09:37:09","modified_gmt":"2016-12-01T08:37:09","slug":"2002-2","status":"publish","type":"page","link":"https:\/\/lurarevyen.no\/?page_id=70","title":{"rendered":"2002"},"content":{"rendered":"<p><a href=\"http:\/\/lurarevyen.no\/lurarevyen\/wp-content\/uploads\/2012\/05\/koge.gif\"><img loading=\"lazy\" decoding=\"async\" class=\"alignnone size-full wp-image-899\" src=\"http:\/\/lurarevyen.no\/lurarevyen\/wp-content\/uploads\/2012\/05\/koge.gif\" alt=\"koge\" width=\"125\" height=\"201\" \/><\/a><\/p>\n<table border=\"0\" width=\"473\" cellspacing=\"0\" cellpadding=\"0\">\n<tbody>\n<tr>\n<td>\n<div align=\"center\">\n<h3 align=\"left\">N\u00e5 koge det p\u00e5 Lura<\/h3>\n<\/div>\n<\/td>\n<\/tr>\n<tr>\n<td><\/td>\n<\/tr>\n<tr>\n<td>\n<table border=\"0\" width=\"470\" cellspacing=\"0\" cellpadding=\"0\">\n<tbody>\n<tr>\n<td>\n<h3>REVYNUMMER<\/h3>\n<\/td>\n<td>\n<h3>ROLLER<\/h3>\n<\/td>\n<\/tr>\n<tr>\n<td><\/td>\n<td><\/td>\n<\/tr>\n<tr>\n<td><strong>Velkommen<\/strong><\/td>\n<td><\/td>\n<\/tr>\n<tr>\n<td>Tekst: Peggy<\/td>\n<td>Ensemblet<\/td>\n<\/tr>\n<tr>\n<td><\/td>\n<td><\/td>\n<\/tr>\n<tr>\n<td><strong>N\u00e5 koge det p\u00e5 Lura<\/strong><\/td>\n<td><\/td>\n<\/tr>\n<tr>\n<td>Tekst: Peggy<\/td>\n<td>\u00d8yvind<\/td>\n<\/tr>\n<tr>\n<td><\/td>\n<td><\/td>\n<\/tr>\n<tr>\n<td><strong>Dar kjem campen<\/strong><\/td>\n<td><\/td>\n<\/tr>\n<tr>\n<td>Tekst: Karsten Fullu<\/td>\n<td>Nina &#8211; Idar<\/td>\n<\/tr>\n<tr>\n<td><\/td>\n<td><\/td>\n<\/tr>\n<tr>\n<td><strong>Mannfolk og mat<\/strong><\/td>\n<td><\/td>\n<\/tr>\n<tr>\n<td>Tekst: Ine<\/td>\n<td>Ine &#8211; Elin S &#8211; \u00d8ystein &#8211; Odd<\/td>\n<\/tr>\n<tr>\n<td><\/td>\n<td><\/td>\n<\/tr>\n<tr>\n<td><strong>Klassefesten<\/strong><\/td>\n<td><\/td>\n<\/tr>\n<tr>\n<td>Tekst: Peggy<\/td>\n<td>Martin &#8211; Elin E &#8211; Maiken &#8211; Wenche<\/td>\n<\/tr>\n<tr>\n<td><\/td>\n<td><\/td>\n<\/tr>\n<tr>\n<td><strong>Stand Up<\/strong><\/td>\n<td><\/td>\n<\/tr>\n<tr>\n<td>Tekst: Karsten Fullu<\/td>\n<td>S\u00f8lvi &#8211; \u00d8yvind<\/td>\n<\/tr>\n<tr>\n<td><\/td>\n<td><\/td>\n<\/tr>\n<tr>\n<td><strong>R\u00f8dhette og Ulven<\/strong><\/td>\n<td>Wenche &#8211; Odd &#8211; Elin S &#8211; \u00d8ystein &#8211;<\/td>\n<\/tr>\n<tr>\n<td>Tekst: Peggy<\/td>\n<td>Maiken &#8211; Anita H &#8211; Siv<\/td>\n<\/tr>\n<tr>\n<td><\/td>\n<td><\/td>\n<\/tr>\n<tr>\n<td><strong>Tom\u2019s n\u00e6rkj\u00f8p<\/strong><\/td>\n<td><\/td>\n<\/tr>\n<tr>\n<td>Tekst: Karsten Fullu<\/td>\n<td>John<\/td>\n<\/tr>\n<tr>\n<td><\/td>\n<td><\/td>\n<\/tr>\n<tr>\n<td><strong>Energi<\/strong><\/td>\n<td><\/td>\n<\/tr>\n<tr>\n<td>Tekst: Idar<\/td>\n<td>Idar &#8211; Nina<\/td>\n<\/tr>\n<tr>\n<td><\/td>\n<td><\/td>\n<\/tr>\n<tr>\n<td><strong>Sykkelblues<\/strong><\/td>\n<td><\/td>\n<\/tr>\n<tr>\n<td>Tekst: \u00d8ystein<\/td>\n<td>\u00d8ystein<\/td>\n<\/tr>\n<tr>\n<td><\/td>\n<td><\/td>\n<\/tr>\n<tr>\n<td><strong>Et trykk \u00e8 nok<\/strong><\/td>\n<td><\/td>\n<\/tr>\n<tr>\n<td>Tekst: UL Ogna &#8211; Asbj\u00f8rn Ellingsen<\/td>\n<td>Maiken &#8211; John &#8211; Anita H<\/td>\n<\/tr>\n<tr>\n<td><\/td>\n<td><\/td>\n<\/tr>\n<tr>\n<td><strong>Eg har kabel<\/strong><\/td>\n<td>S\u00f8lvi &#8211; \u00d8yvind &#8211;<\/td>\n<\/tr>\n<tr>\n<td>Tekst: Karsten Fullu<\/td>\n<td>Anita RD &#8211; Stein Rune<\/td>\n<\/tr>\n<tr>\n<td><\/td>\n<td><\/td>\n<\/tr>\n<tr>\n<td><strong>Suffl\u00f8ren<\/strong><\/td>\n<td><\/td>\n<\/tr>\n<tr>\n<td>Tekst: Dozerne<\/td>\n<td>Idar &#8211; Karin &#8211; John &#8211; Trond &#8211; Siv<\/td>\n<\/tr>\n<tr>\n<td><\/td>\n<td><\/td>\n<\/tr>\n<tr>\n<td><strong>Tollef tar regien<\/strong><\/td>\n<td><\/td>\n<\/tr>\n<tr>\n<td>Tekst: Peggy<\/td>\n<td>\u00d8yvind &#8211; S\u00f8lvi<\/td>\n<\/tr>\n<tr>\n<td><\/td>\n<td><\/td>\n<\/tr>\n<tr>\n<td><strong>Skjebne verre enn d\u00f8den<\/strong><\/td>\n<td>Silje &#8211; John &#8211; \u00c5smund &#8211; \u00d8ystein<\/td>\n<\/tr>\n<tr>\n<td>Tekst: Peggy &#8211; Id\u00e8 Haugesundscenen<\/td>\n<td>Stein Rune &#8211; Elin S<\/td>\n<\/tr>\n<tr>\n<td><\/td>\n<td><\/td>\n<\/tr>\n<tr>\n<td><strong>Etter pause<\/strong><\/td>\n<td>Wenche &#8211; Anita H &#8211; Ine<\/td>\n<\/tr>\n<tr>\n<td>Tekst: Peggy<\/td>\n<td>\u00c5smund &#8211; Stein Rune<\/td>\n<\/tr>\n<tr>\n<td><\/td>\n<td><\/td>\n<\/tr>\n<tr>\n<td><strong>Yrkesfiskarene<\/strong><\/td>\n<td><\/td>\n<\/tr>\n<tr>\n<td>Tekst: Idar<\/td>\n<td>Martin &#8211; Idar- Siv- Elin E<\/td>\n<\/tr>\n<tr>\n<td><\/td>\n<td><\/td>\n<\/tr>\n<tr>\n<td><strong>Blond filosofi<\/strong><\/td>\n<td><\/td>\n<\/tr>\n<tr>\n<td>Tekst: Peggy<\/td>\n<td>Nina<\/td>\n<\/tr>\n<tr>\n<td><\/td>\n<td><\/td>\n<\/tr>\n<tr>\n<td><strong>Blondi<\/strong><\/td>\n<td><\/td>\n<\/tr>\n<tr>\n<td>Tekst: Peggy<\/td>\n<td>Nesten alle jentene<\/td>\n<\/tr>\n<tr>\n<td><\/td>\n<td><\/td>\n<\/tr>\n<tr>\n<td><strong>Verdens navle<\/strong><\/td>\n<td><\/td>\n<\/tr>\n<tr>\n<td>Tekst: Peggy<\/td>\n<td>S\u00f8lvi<\/td>\n<\/tr>\n<tr>\n<td><\/td>\n<td><\/td>\n<\/tr>\n<tr>\n<td><strong>Venter p\u00e5 bar<\/strong><\/td>\n<td><\/td>\n<\/tr>\n<tr>\n<td>Tekst: Hans Petter J\u00f8rgensen<\/td>\n<td>Nina &#8211; Karin &#8211; Odd &#8211; Siv<\/td>\n<\/tr>\n<tr>\n<td><\/td>\n<td><\/td>\n<\/tr>\n<tr>\n<td><strong>Sk\u00f8ytel\u00f8peren<\/strong><\/td>\n<td><\/td>\n<\/tr>\n<tr>\n<td>Tekst: Peggy<\/td>\n<td>Trond &#8211; Anita RD<\/td>\n<\/tr>\n<tr>\n<td><\/td>\n<td><\/td>\n<\/tr>\n<tr>\n<td><strong>Fast plass<\/strong><\/td>\n<td><\/td>\n<\/tr>\n<tr>\n<td>Tekst: Peggy<\/td>\n<td>Silje<\/td>\n<\/tr>\n<tr>\n<td><\/td>\n<td><\/td>\n<\/tr>\n<tr>\n<td><strong>Foreldrekonferansen<\/strong><\/td>\n<td><\/td>\n<\/tr>\n<tr>\n<td>Tekst: Peggy<\/td>\n<td>Karin &#8211; Nina &#8211; \u00c5smund<\/td>\n<\/tr>\n<tr>\n<td><\/td>\n<td><\/td>\n<\/tr>\n<tr>\n<td><strong>Klokk\u00e5 te Sivertsen<\/strong><\/td>\n<td>Nina &#8211; Martin &#8211; John &#8211; \u00c5smund &#8211;<\/td>\n<\/tr>\n<tr>\n<td>Tekst: Peggy<\/td>\n<td>\u00d8ystein &#8211; Karin &#8211; Odd<\/td>\n<\/tr>\n<tr>\n<td><\/td>\n<td><\/td>\n<\/tr>\n<tr>\n<td><strong>F\u00f8den<\/strong><\/td>\n<td><\/td>\n<\/tr>\n<tr>\n<td>Tekst: Silje<\/td>\n<td>Maiken &#8211; John &#8211; Karin &#8211; Wenche<\/td>\n<\/tr>\n<tr>\n<td><\/td>\n<td><\/td>\n<\/tr>\n<tr>\n<td><strong>V\u00e5r i skogen<\/strong><\/td>\n<td><\/td>\n<\/tr>\n<tr>\n<td>Tekst: Peggy &#8211; Wenche<\/td>\n<td>Trond &#8211; Martin &#8211; Elin E &#8211; \u00c5smund<\/td>\n<\/tr>\n<tr>\n<td><\/td>\n<td><\/td>\n<\/tr>\n<tr>\n<td><strong>Los ser Sol<\/strong><\/td>\n<td><\/td>\n<\/tr>\n<tr>\n<td>Tekst: Karsten Fullu<\/td>\n<td>Elin E &#8211; John &#8211; Stein Rune &#8211; Idar<\/td>\n<\/tr>\n<tr>\n<td><\/td>\n<td><\/td>\n<\/tr>\n<tr>\n<td><strong>Agro\u2019s minnel\u00f8p<\/strong><\/td>\n<td><\/td>\n<\/tr>\n<tr>\n<td>Tekst: Peggy<\/td>\n<td>Nina &#8211; S\u00f8lvi &#8211; \u00d8yvind &#8211; Anita RD<\/td>\n<\/tr>\n<tr>\n<td><\/td>\n<td><\/td>\n<\/tr>\n<tr>\n<td><strong>Ut p\u00e5 tur, aldri sur<\/strong><\/td>\n<td><\/td>\n<\/tr>\n<tr>\n<td>Tekst: Peggy &#8211; \u00d8yvind &#8211; S\u00f8lvi<\/td>\n<td>Alle guttene<\/td>\n<\/tr>\n<tr>\n<td><\/td>\n<td><\/td>\n<\/tr>\n<tr>\n<td><strong>Takk for oss<\/strong><\/td>\n<td><\/td>\n<\/tr>\n<tr>\n<td>Tekst: Peggy<\/td>\n<td>Ensemblet<\/td>\n<\/tr>\n<\/tbody>\n<\/table>\n<\/td>\n<\/tr>\n<\/tbody>\n<\/table>\n","protected":false},"excerpt":{"rendered":"<p>N\u00e5 koge det p\u00e5 Lura REVYNUMMER ROLLER Velkommen Tekst: Peggy Ensemblet N\u00e5 koge det p\u00e5 Lura Tekst: Peggy \u00d8yvind Dar kjem campen Tekst: Karsten Fullu Nina &#8211; Idar Mannfolk og mat Tekst: Ine Ine &#8211; Elin S &#8211; \u00d8ystein &#8211; Odd Klassefesten Tekst: Peggy Martin &#8211; Elin E &#8211; Maiken &#8211; Wenche Stand Up Tekst: &hellip; <\/p>\n<p class=\"link-more\"><a href=\"https:\/\/lurarevyen.no\/?page_id=70\" class=\"more-link\">Fortsett \u00e5 lese<span class=\"screen-reader-text\"> \u00ab2002\u00bb<\/span><\/a><\/p>\n","protected":false},"author":1,"featured_media":0,"parent":18,"menu_order":8,"comment_status":"closed","ping_status":"open","template":"","meta":{"footnotes":""},"class_list":["post-70","page","type-page","status-publish","hentry"],"_links":{"self":[{"href":"https:\/\/lurarevyen.no\/index.php?rest_route=\/wp\/v2\/pages\/70","targetHints":{"allow":["GET"]}}],"collection":[{"href":"https:\/\/lurarevyen.no\/index.php?rest_route=\/wp\/v2\/pages"}],"about":[{"href":"https:\/\/lurarevyen.no\/index.php?rest_route=\/wp\/v2\/types\/page"}],"author":[{"embeddable":true,"href":"https:\/\/lurarevyen.no\/index.php?rest_route=\/wp\/v2\/users\/1"}],"replies":[{"embeddable":true,"href":"https:\/\/lurarevyen.no\/index.php?rest_route=%2Fwp%2Fv2%2Fcomments&post=70"}],"version-history":[{"count":3,"href":"https:\/\/lurarevyen.no\/index.php?rest_route=\/wp\/v2\/pages\/70\/revisions"}],"predecessor-version":[{"id":900,"href":"https:\/\/lurarevyen.no\/index.php?rest_route=\/wp\/v2\/pages\/70\/revisions\/900"}],"up":[{"embeddable":true,"href":"https:\/\/lurarevyen.no\/index.php?rest_route=\/wp\/v2\/pages\/18"}],"wp:attachment":[{"href":"https:\/\/lurarevyen.no\/index.php?rest_route=%2Fwp%2Fv2%2Fmedia&parent=70"}],"curies":[{"name":"wp","href":"https:\/\/api.w.org\/{rel}","templated":true}]}}