{"id":76,"date":"2012-05-30T23:52:31","date_gmt":"2012-05-30T21:52:31","guid":{"rendered":"http:\/\/lurarevyen.no\/wordpress\/?page_id=76"},"modified":"2016-12-01T09:38:20","modified_gmt":"2016-12-01T08:38:20","slug":"2004-2","status":"publish","type":"page","link":"https:\/\/lurarevyen.no\/?page_id=76","title":{"rendered":"2004"},"content":{"rendered":"<p><a href=\"http:\/\/lurarevyen.no\/lurarevyen\/wp-content\/uploads\/2012\/05\/ti_aar_knisa.gif\"><img loading=\"lazy\" decoding=\"async\" class=\"alignnone size-full wp-image-903\" src=\"http:\/\/lurarevyen.no\/lurarevyen\/wp-content\/uploads\/2012\/05\/ti_aar_knisa.gif\" alt=\"ti_aar_knisa\" width=\"142\" height=\"201\" \/><\/a><\/p>\n<table border=\"0\" width=\"473\" cellspacing=\"0\" cellpadding=\"0\">\n<tbody>\n<tr>\n<td>\n<div align=\"center\">\n<h3 align=\"left\">10 \u00e5rs knis\u00e5<\/h3>\n<\/div>\n<\/td>\n<\/tr>\n<tr>\n<td><\/td>\n<\/tr>\n<tr>\n<td>\n<table border=\"0\" width=\"470\" cellspacing=\"0\" cellpadding=\"0\">\n<tbody>\n<tr>\n<td>REVYNUMMER<\/td>\n<td>ROLLER<\/td>\n<\/tr>\n<tr>\n<td><\/td>\n<td><\/td>\n<\/tr>\n<tr>\n<td><strong>Velkommen<\/strong><\/td>\n<td><\/td>\n<\/tr>\n<tr>\n<td>Tekst: Peggy<\/td>\n<td>Ensemblet<\/td>\n<\/tr>\n<tr>\n<td><\/td>\n<td><\/td>\n<\/tr>\n<tr>\n<td><strong>En str\u00f8m av sympat<\/strong><\/td>\n<td><\/td>\n<\/tr>\n<tr>\n<td>Tekst: Peggy<\/td>\n<td>Trond, Tor G\u00f8ran<\/td>\n<\/tr>\n<tr>\n<td><\/td>\n<td><\/td>\n<\/tr>\n<tr>\n<td><strong>R\u00f8kokrim<\/strong><\/td>\n<td><\/td>\n<\/tr>\n<tr>\n<td>Tekst: Sigrun<\/td>\n<td>\u00d8ystein, John, \u00d8yvind<\/td>\n<\/tr>\n<tr>\n<td><\/td>\n<td><\/td>\n<\/tr>\n<tr>\n<td><strong>Forferdeligt<\/strong><\/td>\n<td><\/td>\n<\/tr>\n<tr>\n<td>Tekst: Peggy<\/td>\n<td>Karin, Anita, S\u00f8lvi<\/td>\n<\/tr>\n<tr>\n<td><\/td>\n<td><\/td>\n<\/tr>\n<tr>\n<td><strong>Blomstene &amp; biene<\/strong><\/td>\n<td>Alle jentene, Martin, Trond,<\/td>\n<\/tr>\n<tr>\n<td>Tekst: Peggy<\/td>\n<td>Tor G\u00f8ran<\/td>\n<\/tr>\n<tr>\n<td><\/td>\n<td><\/td>\n<\/tr>\n<tr>\n<td><strong>Prosenter 1<\/strong><\/td>\n<td><\/td>\n<\/tr>\n<tr>\n<td>Tekst: Tom<\/td>\n<td>\u00c5smund, Tom<\/td>\n<\/tr>\n<tr>\n<td><\/td>\n<td><\/td>\n<\/tr>\n<tr>\n<td><strong>Lura Frokost TV<\/strong><\/td>\n<td><\/td>\n<\/tr>\n<tr>\n<td>Tekst: Peggy<\/td>\n<td>Karin, Trond<\/td>\n<\/tr>\n<tr>\n<td><\/td>\n<td><\/td>\n<\/tr>\n<tr>\n<td><strong>Ingeni\u00f8rane<\/strong><\/td>\n<td><\/td>\n<\/tr>\n<tr>\n<td>Tekst: Sigrun<\/td>\n<td>Ensemblet<\/td>\n<\/tr>\n<tr>\n<td><\/td>\n<td><\/td>\n<\/tr>\n<tr>\n<td><strong>Natten hos Annabel<\/strong><\/td>\n<td><\/td>\n<\/tr>\n<tr>\n<td>Tekst: \u00d8ystein\/Robert Broberg<\/td>\n<td>Stein Rune, Tom, Trond<\/td>\n<\/tr>\n<tr>\n<td><\/td>\n<td><\/td>\n<\/tr>\n<tr>\n<td><strong>Snopeanarkisten<\/strong><\/td>\n<td><\/td>\n<\/tr>\n<tr>\n<td>Tekst: \u00d8ystein\/Sigrun<\/td>\n<td>Martin<\/td>\n<\/tr>\n<tr>\n<td><\/td>\n<td><\/td>\n<\/tr>\n<tr>\n<td><strong>Statistisk Sentralbyr\u00e5<\/strong><\/td>\n<td><\/td>\n<\/tr>\n<tr>\n<td>Tekst: Tom<\/td>\n<td>Siv, \u00d8ystein<\/td>\n<\/tr>\n<tr>\n<td><\/td>\n<td><\/td>\n<\/tr>\n<tr>\n<td><strong>Havn\u00e5 p\u00e5 Lura<\/strong><\/td>\n<td><\/td>\n<\/tr>\n<tr>\n<td>Tekst: Peggy<\/td>\n<td>\u00c5smund, Gerd<\/td>\n<\/tr>\n<tr>\n<td><\/td>\n<td><\/td>\n<\/tr>\n<tr>\n<td><strong>Pes<\/strong><\/td>\n<td><\/td>\n<\/tr>\n<tr>\n<td>Tekst: Peggy<\/td>\n<td>Siv, Ine, Wenche<\/td>\n<\/tr>\n<tr>\n<td><\/td>\n<td><\/td>\n<\/tr>\n<tr>\n<td><strong>Eg \u00e8 s\u00e5 fyrte<\/strong><\/td>\n<td><\/td>\n<\/tr>\n<tr>\n<td>Tekst: Peggy<\/td>\n<td>Reidun, Trond, Wenche, Anita<\/td>\n<\/tr>\n<tr>\n<td><\/td>\n<td><\/td>\n<\/tr>\n<tr>\n<td><strong>To gode naboer<\/strong><\/td>\n<td><\/td>\n<\/tr>\n<tr>\n<td>Tekst: Peggy<\/td>\n<td>John, \u00c5smund<\/td>\n<\/tr>\n<tr>\n<td><\/td>\n<td><\/td>\n<\/tr>\n<tr>\n<td><strong>Odelsjentene<\/strong><\/td>\n<td>S\u00f8lvi, Gerd, Karin, Martin,<\/td>\n<\/tr>\n<tr>\n<td>Tekst: Peggy<\/td>\n<td>Tor G\u00f8ran, \u00d8yvind<\/td>\n<\/tr>\n<tr>\n<td><\/td>\n<td><\/td>\n<\/tr>\n<tr>\n<td><strong>Bl\u00e5mandag<\/strong><\/td>\n<td><\/td>\n<\/tr>\n<tr>\n<td>Tekst: Peggy<\/td>\n<td>S\u00f8lvi<\/td>\n<\/tr>\n<tr>\n<td><\/td>\n<td><\/td>\n<\/tr>\n<tr>\n<td><strong>\u00c5got<\/strong><\/td>\n<td><\/td>\n<\/tr>\n<tr>\n<td>Tekst: Kvammen\/S\u00e6grov<\/td>\n<td>Ine, \u00d8ystein<\/td>\n<\/tr>\n<tr>\n<td><\/td>\n<td><\/td>\n<\/tr>\n<tr>\n<td><strong>Godt sagt<\/strong><\/td>\n<td>\u00d8yvind, Tor G\u00f8ran, Tom, \u00c5smund, \u00d8ystein<\/td>\n<\/tr>\n<tr>\n<td>Tekst: Peggy\/Sigrun<\/td>\n<td>Trond, Stein Rune, Karin, Gerd, Wenche<\/td>\n<\/tr>\n<tr>\n<td><\/td>\n<td><\/td>\n<\/tr>\n<tr>\n<td><strong>Effektivitetens syndefall<\/strong><\/td>\n<td><\/td>\n<\/tr>\n<tr>\n<td>Tekst: Sigrun<\/td>\n<td>John, \u00d8yvind, Reidun<\/td>\n<\/tr>\n<tr>\n<td><\/td>\n<td><\/td>\n<\/tr>\n<tr>\n<td><strong>Prosenter 2<\/strong><\/td>\n<td><\/td>\n<\/tr>\n<tr>\n<td>Tekst: Tom<\/td>\n<td>\u00c5smund &#8211; Tom<\/td>\n<\/tr>\n<tr>\n<td><\/td>\n<td><\/td>\n<\/tr>\n<tr>\n<td><strong>Bj\u00f8rnene i skogen<\/strong><\/td>\n<td><\/td>\n<\/tr>\n<tr>\n<td>Tekst: Peggy<\/td>\n<td>Anita, Stein Rune, Martin<\/td>\n<\/tr>\n<tr>\n<td><\/td>\n<td><\/td>\n<\/tr>\n<tr>\n<td><strong>Evje Hell Rock Festival<\/strong><\/td>\n<td><\/td>\n<\/tr>\n<tr>\n<td>Tekst: Karsten Fullu\/Arve Idar<\/td>\n<td>Martin, John, Tor G\u00f8ran<\/td>\n<\/tr>\n<tr>\n<td><\/td>\n<td><\/td>\n<\/tr>\n<tr>\n<td><strong>Hu \u00e8 s\u00e5 h\u00f8ge<\/strong><\/td>\n<td><\/td>\n<\/tr>\n<tr>\n<td>Tekst: Sigrun<\/td>\n<td>Stein Rune<\/td>\n<\/tr>\n<tr>\n<td><\/td>\n<td><\/td>\n<\/tr>\n<tr>\n<td><strong>Villmannsliv i Oltedal<\/strong><\/td>\n<td><\/td>\n<\/tr>\n<tr>\n<td>Tekst: Peggy<\/td>\n<td>\u00d8yvind, S\u00f8lvi, Martin, Tor G\u00f8ran<\/td>\n<\/tr>\n<tr>\n<td><\/td>\n<td><\/td>\n<\/tr>\n<tr>\n<td><strong>Med h\u00f8ge stang<\/strong><\/td>\n<td>\u00d8ystein, John, Tor G\u00f8ran, Tom,<\/td>\n<\/tr>\n<tr>\n<td>Tekst: Peggy\/Sigrun<\/td>\n<td>Stein Rune, \u00c5smund<\/td>\n<\/tr>\n<tr>\n<td><\/td>\n<td><\/td>\n<\/tr>\n<tr>\n<td><strong>Siste finpussen<\/strong><\/td>\n<td><\/td>\n<\/tr>\n<tr>\n<td>Tekst: Peggy<\/td>\n<td>S\u00f8lvi<\/td>\n<\/tr>\n<tr>\n<td><\/td>\n<td><\/td>\n<\/tr>\n<tr>\n<td><strong>En musikal om engeler<\/strong><\/td>\n<td><\/td>\n<\/tr>\n<tr>\n<td>Tekst: Sigrun\/Stein\/Peggy<\/td>\n<td>Ensemblet<\/td>\n<\/tr>\n<\/tbody>\n<\/table>\n<\/td>\n<\/tr>\n<\/tbody>\n<\/table>\n","protected":false},"excerpt":{"rendered":"<p>10 \u00e5rs knis\u00e5 REVYNUMMER ROLLER Velkommen Tekst: Peggy Ensemblet En str\u00f8m av sympat Tekst: Peggy Trond, Tor G\u00f8ran R\u00f8kokrim Tekst: Sigrun \u00d8ystein, John, \u00d8yvind Forferdeligt Tekst: Peggy Karin, Anita, S\u00f8lvi Blomstene &amp; biene Alle jentene, Martin, Trond, Tekst: Peggy Tor G\u00f8ran Prosenter 1 Tekst: Tom \u00c5smund, Tom Lura Frokost TV Tekst: Peggy Karin, Trond Ingeni\u00f8rane &hellip; <\/p>\n<p class=\"link-more\"><a href=\"https:\/\/lurarevyen.no\/?page_id=76\" class=\"more-link\">Fortsett \u00e5 lese<span class=\"screen-reader-text\"> \u00ab2004\u00bb<\/span><\/a><\/p>\n","protected":false},"author":1,"featured_media":0,"parent":18,"menu_order":10,"comment_status":"closed","ping_status":"open","template":"","meta":{"footnotes":""},"class_list":["post-76","page","type-page","status-publish","hentry"],"_links":{"self":[{"href":"https:\/\/lurarevyen.no\/index.php?rest_route=\/wp\/v2\/pages\/76","targetHints":{"allow":["GET"]}}],"collection":[{"href":"https:\/\/lurarevyen.no\/index.php?rest_route=\/wp\/v2\/pages"}],"about":[{"href":"https:\/\/lurarevyen.no\/index.php?rest_route=\/wp\/v2\/types\/page"}],"author":[{"embeddable":true,"href":"https:\/\/lurarevyen.no\/index.php?rest_route=\/wp\/v2\/users\/1"}],"replies":[{"embeddable":true,"href":"https:\/\/lurarevyen.no\/index.php?rest_route=%2Fwp%2Fv2%2Fcomments&post=76"}],"version-history":[{"count":3,"href":"https:\/\/lurarevyen.no\/index.php?rest_route=\/wp\/v2\/pages\/76\/revisions"}],"predecessor-version":[{"id":904,"href":"https:\/\/lurarevyen.no\/index.php?rest_route=\/wp\/v2\/pages\/76\/revisions\/904"}],"up":[{"embeddable":true,"href":"https:\/\/lurarevyen.no\/index.php?rest_route=\/wp\/v2\/pages\/18"}],"wp:attachment":[{"href":"https:\/\/lurarevyen.no\/index.php?rest_route=%2Fwp%2Fv2%2Fmedia&parent=76"}],"curies":[{"name":"wp","href":"https:\/\/api.w.org\/{rel}","templated":true}]}}