{"id":86,"date":"2012-05-30T23:57:03","date_gmt":"2012-05-30T21:57:03","guid":{"rendered":"http:\/\/lurarevyen.no\/wordpress\/?page_id=86"},"modified":"2015-04-16T07:49:41","modified_gmt":"2015-04-16T05:49:41","slug":"2008-2","status":"publish","type":"page","link":"https:\/\/lurarevyen.no\/?page_id=86","title":{"rendered":"2008"},"content":{"rendered":"<p><a href=\"http:\/\/lurarevyen.no\/wordpress\/wp-content\/uploads\/2012\/05\/spokelyset.jpg\"><img loading=\"lazy\" decoding=\"async\" class=\"alignnone size-medium wp-image-193\" title=\"spokelyset\" src=\"http:\/\/lurarevyen.no\/wordpress\/wp-content\/uploads\/2012\/05\/spokelyset-212x300.jpg\" alt=\"\" width=\"212\" height=\"300\" \/><\/a><\/p>\n<table width=\"600\" border=\"0\">\n<tbody>\n<tr>\n<th scope=\"col\">\n<div align=\"left\">Revynummer<\/div>\n<\/th>\n<th scope=\"col\">\n<div align=\"left\">Roller<\/div>\n<\/th>\n<th scope=\"col\">\n<div align=\"left\">Tekst<\/div>\n<\/th>\n<\/tr>\n<tr>\n<td><strong>Velkommen<\/strong><\/td>\n<td>Alle<\/td>\n<td>Trond Hanssen<\/td>\n<\/tr>\n<tr>\n<td><strong>I sp\u00f8kelyset<\/strong><\/td>\n<td>S\u00f8lvi , \u00d8yvind, Mette, Inger Johanne<\/td>\n<td>Peggy, S\u00f8lvi ,\u00d8yvind<\/td>\n<\/tr>\n<tr>\n<td><strong>Falsk Kj\u00e6rlighet<\/strong><\/td>\n<td>May-Lis, Stein Rune, Mette, John<\/td>\n<td>Sean Morey\/ ldar<\/td>\n<\/tr>\n<tr>\n<td><strong>I haven<\/strong><\/td>\n<td>Nina, Tore<\/td>\n<td>Peggy, Tore<\/td>\n<\/tr>\n<tr>\n<td><strong>Hadde me egentligt noge valg?<\/strong><\/td>\n<td>Inger Johanne, Stein Rune, John,<br \/>\n\u00d8yvind, May Lis<\/td>\n<td>Peggy<\/td>\n<\/tr>\n<tr>\n<td><strong>Posten ska fram<\/strong><\/td>\n<td>Wenche, Trond, S\u00f8lvi<\/td>\n<td>Peggy<\/td>\n<\/tr>\n<tr>\n<td><strong>Dr\u00f8s p\u00e5 benken<\/strong><\/td>\n<td>Mette, S\u00f8lvi , Nina<\/td>\n<td>Peggy<\/td>\n<\/tr>\n<tr>\n<td><strong>Vi sleppe oss<\/strong><\/td>\n<td>May-Lis, Inger Johanne, John<\/td>\n<td>Peggy,<br \/>\nTrond Hanssen<\/td>\n<\/tr>\n<tr>\n<td><strong>Borti og atti<\/strong><\/td>\n<td>Trond, Tore, Wenche, \u00d8yvind<\/td>\n<td>Geir Christiansen,<br \/>\nPeggy<\/td>\n<\/tr>\n<tr>\n<td><strong>OL i Troms\u00f8<\/strong><\/td>\n<td>John, Inger Johanne, May-Lis, Nina<br \/>\nStein Rune<\/td>\n<td>Trond Hanssen<\/td>\n<\/tr>\n<tr>\n<td><strong>Smarthotellet<\/strong><\/td>\n<td>S\u00f8lvi<\/td>\n<td>Geir Morstad ,<br \/>\nTrond Hanssen<\/td>\n<\/tr>\n<tr>\n<td><strong>Historien om en hval<\/strong><\/td>\n<td>John, May-Lis, \u00d8yvind<\/td>\n<td>Trond Hanssen<\/td>\n<\/tr>\n<tr>\n<td><strong>I krigen<\/strong><\/td>\n<td>S\u00f8lvi, \u00d8yvind<\/td>\n<td>Peggy, \u00d8yvind, S\u00f8vi<\/td>\n<\/tr>\n<tr>\n<td><strong>Soltrall<\/strong><\/td>\n<td>Inger Johanne<\/td>\n<td>Trond Hanssen<\/td>\n<\/tr>\n<tr>\n<td><strong>Kem kum fysst h\u00f8na<br \/>\nelle egget?<\/strong><\/td>\n<td>Tore, May-Lis, S\u00f8lvi, Mette,<br \/>\nWenche , \u00d8yvind<\/td>\n<td>Tekstgruppen<\/td>\n<\/tr>\n<tr>\n<td><strong>Pausefisk<\/strong><\/td>\n<td>May-Lis, Nina<\/td>\n<td>Peggy<\/td>\n<\/tr>\n<tr>\n<td><strong>Kj\u00e6rlighet i politikken<\/strong><\/td>\n<td>Nina, Tore, Trond, John<\/td>\n<td>Inger Johanne, Peggy<\/td>\n<\/tr>\n<tr>\n<td><strong>Ikke helt som p\u00e5 akutten<\/strong><\/td>\n<td>S\u00f8lvi, May-Lis, Mette, Stein Rune<\/td>\n<td>Jon Niklas R\u00f8nning,<br \/>\nTrond Hanssen<\/td>\n<\/tr>\n<tr>\n<td><strong>Telefonservice<\/strong><\/td>\n<td>S\u00f8lvi , John<\/td>\n<td>Dagrun<\/td>\n<\/tr>\n<tr>\n<td><strong>P\u00e5 politistasjonen<\/strong><\/td>\n<td>\u00d8yvind, May-Lis, Mette, Wenche<\/td>\n<td>Trond Hanssen<\/td>\n<\/tr>\n<tr>\n<td><strong>Renter som kommer<\/strong><\/td>\n<td>Stein Rune, May-Lis, Tore<\/td>\n<td>Peggy,<br \/>\nTrond Hanssen<\/td>\n<\/tr>\n<tr>\n<td><strong>Dette \u00e8 et ran<\/strong><\/td>\n<td>Trond, Mette, Nina, Wenche<\/td>\n<td>Peggy,<br \/>\nTrond Hanssen<\/td>\n<\/tr>\n<tr>\n<td><strong>Nachspiel i V\u00e5gen<\/strong><\/td>\n<td>Inger Johanne, Stein Rune, Tore,<br \/>\n\u00d8yvind, S\u00f8lvi, May-Lis, John<\/td>\n<td>Per \u00d8ren,<br \/>\nPeggy<\/td>\n<\/tr>\n<tr>\n<td><strong>Vel hjem<\/strong><\/td>\n<td>Alle<\/td>\n<td>Peggy<\/td>\n<\/tr>\n<\/tbody>\n<\/table>\n<p>&nbsp;<\/p>\n<h3>Presseomtaler:<\/h3>\n<p>&nbsp;<\/p>\n<p>Sandnesposten: &laquo;<a href=\"http:\/\/lurarevyen.no\/images\/stories\/sandnesposten.pdf\">Den beste revyen i Rogaland<\/a>&raquo;<\/p>\n<p>Stavanger Aftenblad: &laquo;<a href=\"http:\/\/www.aftenbladet.no\/lokalt\/article605170.ece\">Heldige Lura som har egen bydelsrevy!<\/a>&laquo;<\/p>\n","protected":false},"excerpt":{"rendered":"<p>Revynummer Roller Tekst Velkommen Alle Trond Hanssen I sp\u00f8kelyset S\u00f8lvi , \u00d8yvind, Mette, Inger Johanne Peggy, S\u00f8lvi ,\u00d8yvind Falsk Kj\u00e6rlighet May-Lis, Stein Rune, Mette, John Sean Morey\/ ldar I haven Nina, Tore Peggy, Tore Hadde me egentligt noge valg? Inger Johanne, Stein Rune, John, \u00d8yvind, May Lis Peggy Posten ska fram Wenche, Trond, S\u00f8lvi Peggy &hellip; <\/p>\n<p class=\"link-more\"><a href=\"https:\/\/lurarevyen.no\/?page_id=86\" class=\"more-link\">Fortsett \u00e5 lese<span class=\"screen-reader-text\"> \u00ab2008\u00bb<\/span><\/a><\/p>\n","protected":false},"author":1,"featured_media":0,"parent":18,"menu_order":14,"comment_status":"closed","ping_status":"open","template":"","meta":{"footnotes":""},"class_list":["post-86","page","type-page","status-publish","hentry"],"_links":{"self":[{"href":"https:\/\/lurarevyen.no\/index.php?rest_route=\/wp\/v2\/pages\/86","targetHints":{"allow":["GET"]}}],"collection":[{"href":"https:\/\/lurarevyen.no\/index.php?rest_route=\/wp\/v2\/pages"}],"about":[{"href":"https:\/\/lurarevyen.no\/index.php?rest_route=\/wp\/v2\/types\/page"}],"author":[{"embeddable":true,"href":"https:\/\/lurarevyen.no\/index.php?rest_route=\/wp\/v2\/users\/1"}],"replies":[{"embeddable":true,"href":"https:\/\/lurarevyen.no\/index.php?rest_route=%2Fwp%2Fv2%2Fcomments&post=86"}],"version-history":[{"count":5,"href":"https:\/\/lurarevyen.no\/index.php?rest_route=\/wp\/v2\/pages\/86\/revisions"}],"predecessor-version":[{"id":661,"href":"https:\/\/lurarevyen.no\/index.php?rest_route=\/wp\/v2\/pages\/86\/revisions\/661"}],"up":[{"embeddable":true,"href":"https:\/\/lurarevyen.no\/index.php?rest_route=\/wp\/v2\/pages\/18"}],"wp:attachment":[{"href":"https:\/\/lurarevyen.no\/index.php?rest_route=%2Fwp%2Fv2%2Fmedia&parent=86"}],"curies":[{"name":"wp","href":"https:\/\/api.w.org\/{rel}","templated":true}]}}